e 5, what is 21330201124 + 2?
21330201131
In base 2, what is 1001100011000101101 - -1111101110?
1001100101000011011
In base 7, what is -15 - -1122020606?
1122020561
In base 16, what is -5fc - 2446?
-2a42
In base 15, what is 68667 + -2a7?
683b0
In base 5, what is 1430421 - -13314?
1444240
In base 15, what is -7877864 + 0?
-7877864
In base 12, what is 5 + -127a6206?
-127a6201
In base 5, what is 1244214233 - -3441?
1244223224
In base 7, what is -1325141151 + 30?
-1325141121
In base 14, what is -1a12883 + 12?
-1a12871
In base 4, what is 11 - -23223032100133?
23223032100210
In base 13, what is 1940 + -2286?
-646
In base 15, what is 1b2aba - -5?
1b2ac0
In base 3, what is 20222012121020 + 0?
20222012121020
In base 13, what is 21ac + -51ac?
-3000
In base 11, what is -2801088 + -7?
-2801094
In base 15, what is -465 + 2ae50?
2a9da
In base 15, what is 36291a + -c?
36290d
In base 13, what is 3 - -1084ca1?
1084ca4
In base 7, what is 300 + 52600?
53200
In base 15, what is 35ed - -24?
3622
In base 9, what is 5532 + 2702?
8334
In base 14, what is -1da1244 - 0?
-1da1244
In base 6, what is -2410352 - 351?
-2411143
In base 3, what is 2021002002 - 2120?
2020222112
In base 8, what is -16010 + -53?
-16063
In base 8, what is -340736 + -6?
-340744
In base 5, what is -4201003 + -30212?
-4231220
In base 15, what is -4352 + 8a7?
-399a
In base 16, what is 13 + 2281b0?
2281c3
In base 2, what is 1101001101011111011011001 - 10?
1101001101011111011010111
In base 14, what is 225d3b05 + -3?
225d3b02
In base 2, what is 11011101100111110 + 111?
11011101101000101
In base 7, what is -50405311 + -4?
-50405315
In base 14, what is -1401aa9a - -5?
-1401aa95
In base 6, what is 1 + -422533404?
-422533403
In base 7, what is -506504323 - 3?
-506504326
In base 7, what is 144041030 - -13?
144041043
In base 11, what is -1117 - 38a31?
-3a048
In base 13, what is -127ba + 56a?
-12250
In base 7, what is -1 - 3210141223?
-3210141224
In base 10, what is -3 - -9296056?
9296053
In base 5, what is -22343013000 + 0?
-22343013000
In base 9, what is -28 - 377103?
-377132
In base 8, what is 2250014 - 177?
2247615
In base 10, what is -382 + 11691?
11309
In base 14, what is -15c3 - -14a18?
13435
In base 12, what is 4 - -2a8a9b7?
2a8a9bb
In base 4, what is 2 + 2000010112333?
2000010113001
In base 11, what is 5 - -540727a?
5407284
In base 13, what is 47c - -17973?
18122
In base 11, what is -70 - -25365?
252a5
In base 13, what is -172929 + -21?
-17294a
In base 4, what is -1032031 - -233211?
-132220
In base 13, what is a393b - 17?
a3924
In base 6, what is 4444555 + -1040?
4443515
In base 7, what is 5525464 - 40?
5525424
In base 6, what is -121152 - 1402?
-122554
In base 7, what is 22 - -341656104?
341656126
In base 4, what is 1303302 - 30112130?
-22202222
In base 11, what is -19 + 2422679?
2422660
In base 13, what is -6 - ca494bb?
-ca494c4
In base 5, what is 131324414222 - 2?
131324414220
In base 4, what is -3 + 11323331312113?
11323331312110
In base 13, what is c - -1113c311?
1113c320
In base 5, what is -113411204 + -12122?
-113423331
In base 10, what is 10532504 + 164?
10532668
In base 10, what is 768 - 5174?
-4406
In base 7, what is -215 + -105256?
-105504
In base 5, what is 112442 - 13223134?
-13110142
In base 14, what is -10 - 7b39058?
-7b39068
In base 9, what is -207 + 150630?
150422
In base 12, what is 22005 + -699?
21528
In base 7, what is 150 - -34106532?
34110012
In base 2, what is 10011000011110011111 - 1111111?
10011000011100100000
In base 3, what is 211 + -1110002110000?
-1110002102012
In base 3, what is 110 - -220202101221?
220202102101
In base 12, what is -42974 - 1376?
-4412a
In base 4, what is -3102221122 + 20?
-3102221102
In base 8, what is 64 - 715407?
-715323
In base 4, what is 0 - 10031123010?
-10031123010
In base 8, what is 4 - 52167555?
-52167551
In base 5, what is -13442 + -10043?
-24040
In base 5, what is -21300301 + -30210?
-21331011
In base 4, what is 110311023 - 20003?
110231020
In base 11, what is 0 + 17852201?
17852201
In base 10, what is -5 + -6511811?
-6511816
In base 2, what is 11000 + 10100100111111010110111?
10100100111111011001111
In base 2, what is 11011 + 110101011000010110?
110101011000110001
In base 15, what is -2ec9 - -3ea7?
ecd
In base 4, what is 1202202 - 12000131?
-10131323
In base 13, what is 2a89a5 + -7?
2a899b
In base 9, what is 3783557 + -518?
3783038
In base 7, what is 420 - -315064?
315514
In base 10, what is 29 - 9270782?
-9270753
In base 15, what is -1193aa + -c2?
-11947c
In base 3, what is 20112020201012 - -11?
20112020201100
In base 3, what is -10011122202 + -121110201?
-10210010110
In base 13, what is -4 - 10b99739?
-10b99740
In base 9, what is -2 + 1251278?
1251276
In base 13, what is -b9c - 92?
-c61
In base 16, what is -472 - -1655?
11e3
In base 5, what is 1201202 + 20230?
1221432
In base 9, what is 0 + 306155451?
306155451
In base 13, what is 5 - 23a4119?
-23a4114
In base 9, what is 472528111 + 2?
472528113
In base 3, what is -12 + -122202212001021?
-122202212001110
In base 11, what is -34 - -2967044?
2967010
In base 4, what is -2230333 + -21002200?
-23233133
In base 2, what is -1010 + -100111001100011000011101000?
-100111001100011000011110010
In base 8, what is -267 - -340607?
340320
In base 10, what is -3 - -929344?
929341
In base 5, what is -320 + 24442121?
24441301
In base 3, what is -211111201112022 - 101?
-211111201112200
In base 15, what is 3d + 22c99?
22cd7
In base 10, what is -91411 + -1487?
-92898
In base 16, what is -6350 - 5e1?
-6931
In base 3, what is 21222111102 + 122?
21222112001
In base 16, what is -c - 22937?
-22943
In base 10, what is -458865 + 558?
-458307
In base 9, what is 132438 - -5626?
138165
In base 9, what is 8056 + -3273?
4673
In base 10, what is 2901619 - 29?
2901590
In base 12, what is -85701641 - 2?
-85701643
In base 13, what is -ca4a4c1 - -5?
-ca4a4b9
In base 15, what is -5a1 - 3365?
-3916
In base 8, what is 35 + -40277027?
-40276772
In base 3, what is 12111 + -111102201112?
-111102112001
In base 12, what is 1aa9 + 67a3?
8690
In base 6, what is 3 + 320311543?
320311550
In base 12, what is 31a47 + 121b?
33066
In base 13, what is 1 + -3103c553?
-3103c552
In base 12, what is 124 + 96551?
96675
In base 10, what is 919702953 + 3?
919702956
In base 7, what is 63 - 5044506?
-5044413
In base 14, what is -37 - -74d32?
74cd9
In base 15, what is -d7 + -1b2291?
-1b2378
In base 6, what is -34012304 + 52?
-34012212
In base 13, what is -5874b - c?
-5875a
In base 13, what is 3b76a5 - -35?
3b770a
In base 14, what is 6938 + -2523?
4415
In base 3, what is -111212211012200 - -11?
-111212211012112
In base 6, what is -33 + -1403545?
-1404022
In base 10, what is -215483021 - 0?
-215483021
In base 10, what is -1961203 + 6?
-1961197
In base 3, what is 1010001020210 - 11?
1010001020122
In base 12, what is -2698 + -2084?
-4760
In base 12, what is 12bb401 + 2?
12bb403
In base 3, what is -11211 - -212211021101?
212211002120
In base 16, what is -1a746 + 77?
-1a6cf
In base 15, what is 1c95e6 + c?
1c9603
In base 14, what is 898 + 10a48?
11502
In base 8, what is 12416040 - -3?
12416043
In base 12, what is 64a8180 - -2?
64a8182
In base 16, what is -2bfce2 + 1?
-2bfce1
In base 6, what is -110413442 + 0?
-110413442
In base 16, what is 4 + 177a9c9?
177a9cd
In base 3, what is 11 - -10201202122101?
10201202122112
In base 3, what is 1200001010 + 12121022?
1212122102
In base 7, what is -1 - -36321060?
36321056
In base 15, what is 3a3 - -4195?
4548
In base 8, what is 357 - 315371?
-315012
In base 14, what is -53929 - -5?
-53924
In base 4, what is -201030031011 - 1010?
-201030032021
In base 2, what is 100 - -100101100001001101101000110?
100101100001001101101001010
In base 13, what is 74b130 + 10?
74b140
In base 11, what is 9196 + -15920?
-7735
In base 2, what is 10 + 110100011111010001101?
110100011111010001111
In base 2, what is 1001101101111101111011101 - -101?
1001101101111101111100010
In base 3, what is 2222122022121022 + 1?
2222122022121100
In base 2, what is -100010011111110011110100100 + -10?
-100010011111110011110100110
In base 11, what is 95407 + 990?
96297
In base 11, what is 3 - 1a10736?
-1a10733
In base 5, what is -20433 + 230230?
204242
In base 9, what is -137 + -43643?
-43781
In base 14, what is -1d + -289a1?
-289c0
In base 10, what is -12888439 